 1032?
1
What is the tens digit of 514?
1
What is the thousands digit of 13603?
3
What is the units digit of 39885?
5
What is the thousands digit of 38374?
8
What is the hundreds digit of 1112?
1
What is the tens digit of 953?
5
What is the tens digit of 65199?
9
What is the hundreds digit of 7574?
5
What is the hundreds digit of 19439?
4
What is the thousands digit of 14169?
4
What is the thousands digit of 143214?
3
What is the units digit of 9252?
2
What is the units digit of 18518?
8
What is the units digit of 50586?
6
What is the hundreds digit of 7981?
9
What is the tens digit of 2250?
5
What is the thousands digit of 53318?
3
What is the units digit of 1743?
3
What is the hundreds digit of 1514?
5
What is the units digit of 2990?
0
What is the tens digit of 40736?
3
What is the hundreds digit of 7962?
9
What is the hundreds digit of 11459?
4
What is the units digit of 1215?
5
What is the hundreds digit of 646?
6
What is the hundreds digit of 426?
4
What is the tens digit of 78994?
9
What is the hundreds digit of 1118?
1
What is the thousands digit of 2725?
2
What is the units digit of 12726?
6
What is the hundreds digit of 2119?
1
What is the tens digit of 5195?
9
What is the ten thousands digit of 122296?
2
What is the hundreds digit of 1351?
3
What is the hundreds digit of 9063?
0
What is the thousands digit of 5522?
5
What is the tens digit of 2158?
5
What is the tens digit of 13739?
3
What is the ten thousands digit of 31872?
3
What is the hundreds digit of 506?
5
What is the tens digit of 2034?
3
What is the hundreds digit of 3700?
7
What is the hundreds digit of 63081?
0
What is the thousands digit of 5717?
5
What is the units digit of 7134?
4
What is the units digit of 2097?
7
What is the hundreds digit of 50823?
8
What is the tens digit of 60027?
2
What is the thousands digit of 3533?
3
What is the ten thousands digit of 77617?
7
What is the thousands digit of 2462?
2
What is the units digit of 4864?
4
What is the ten thousands digit of 70998?
7
What is the tens digit of 53572?
7
What is the hundreds digit of 2129?
1
What is the units digit of 96122?
2
What is the units digit of 31522?
2
What is the hundreds digit of 8813?
8
What is the hundreds digit of 1918?
9
What is the thousands digit of 2269?
2
What is the tens digit of 3919?
1
What is the tens digit of 910?
1
What is the tens digit of 4655?
5
What is the hundreds digit of 1759?
7
What is the units digit of 1749?
9
What is the tens digit of 559?
5
What is the hundreds digit of 16432?
4
What is the tens digit of 461?
6
What is the thousands digit of 1301?
1
What is the units digit of 1435?
5
What is the units digit of 1727?
7
What is the thousands digit of 2109?
2
What is the hundreds digit of 2169?
1
What is the units digit of 14589?
9
What is the hundreds digit of 687?
6
What is the hundreds digit of 849?
8
What is the tens digit of 1426?
2
What is the hundreds digit of 58287?
2
What is the tens digit of 451?
5
What is the thousands digit of 1381?
1
What is the units digit of 922?
2
What is the hundred thousands digit of 161110?
1
What is the thousands digit of 25531?
5
What is the hundreds digit of 342?
3
What is the units digit of 40674?
4
What is the units digit of 97408?
8
What is the units digit of 7386?
6
What is the hundreds digit of 3485?
4
What is the hundreds digit of 186?
1
What is the tens digit of 605?
0
What is the hundreds digit of 858?
8
What is the thousands digit of 1044?
1
What is the units digit of 55301?
1
What is the ten thousands digit of 87724?
8
What is the ten thousands digit of 131556?
3
What is the thousands digit of 1974?
1
What is the tens digit of 1823?
2
What is the hundreds digit of 3471?
4
What is the tens digit of 40?
4
What is the units digit of 64573?
3
What is the tens digit of 87992?
9
What is the units digit of 4777?
7
What is the tens digit of 2424?
2
What is the tens digit of 48?
4
What is the tens digit of 19827?
2
What is the tens digit of 34336?
3
What is the tens digit of 5261?
6
What is the units digit of 105874?
4
What is the tens digit of 462?
6
What is the hundreds digit of 6280?
2
What is the hundreds digit of 5216?
2
What is the hundreds digit of 5060?
0
What is the units digit of 66062?
2
What is the hundreds digit of 936?
9
What is the units digit of 902?
2
What is the tens digit of 17418?
1
What is the hundreds digit of 9869?
8
What is the tens digit of 2244?
4
What is the tens digit of 9550?
5
What is the ten thousands digit of 20227?
2
What is the thousands digit of 14795?
4
What is the units digit of 14458?
8
What is the ten thousands digit of 35201?
3
What is the units digit of 445?
5
What is the units digit of 38970?
0
What is the units digit of 5359?
9
What is the tens digit of 521?
2
What is the units digit of 56923?
3
What is the thousands digit of 12455?
2
What is the units digit of 971?
1
What is the tens digit of 139?
3
What is the thousands digit of 3951?
3
What is the thousands digit of 155350?
5
What is the units digit of 37833?
3
What is the hundreds digit of 79679?
6
What is the units digit of 2489?
9
What is the units digit of 238?
8
What is the tens digit of 2115?
1
What is the thousands digit of 10598?
0
What is the hundreds digit of 3686?
6
What is the ten thousands digit of 16329?
1
What is the hundreds digit of 45492?
4
What is the tens digit of 16872?
7
What is the thousands digit of 20397?
0
What is the tens digit of 11870?
7
What is the hundreds digit of 2437?
4
What is the thousands digit of 6241?
6
What is the units digit of 125745?
5
What is the tens digit of 16?
1
What is the thousands digit of 189377?
9
What is the tens digit of 61?
6
What is the hundreds digit of 27974?
9
What is the thousands digit of 146245?
6
What is the units digit of 15550?
0
What is the hundreds digit of 91307?
3
What is the hundreds digit of 596?
5
What is the tens digit of 520?
2
What is the tens digit of 881?
8
What is the tens digit of 1127?
2
What is the units digit of 1413?
3
What is the hundreds digit of 21480?
4
What is the ten thousands digit of 71617?
7
What is the hundreds digit of 917?
9
What is the hundreds digit of 5684?
6
What is the units digit of 71?
1
What is the units digit of 12253?
3
What is the units digit of 1422?
2
What is the thousands digit of 40518?
0
What is the tens digit of 27490?
9
What is the units digit of 9970?
0
What is the hundreds digit of 570?
5
What is the units digit of 2252?
2
What is the tens digit of 7427?
2
What is the units digit of 113871?
1
What is the thousands digit of 1423?
1
What is the tens digit of 18869?
6
What is the hundreds digit of 10822?
8
What is the tens digit of 50019?
1
What is the hundreds digit of 1229?
2
What is the units digit of 1829?
9
What is the units digit of 4754?
4
What is the hundreds digit of 651?
6
What is the ten thousands digit of 19387?
1
What is the hundreds digit of 540?
5
What is the tens digit of 4437?
3
What is the tens digit of 43379?
7
What is the tens digit of 536?
3
What is the units digit of 2731?
1
What is the units digit of 22137?
7
What is the units digit of 2881?
1
What is the tens digit of 102702?
0
What is the hundreds digit of 9030?
0
What is the thousands digit of 9093?
9
What is the tens digit of 1727?
2
What is the ten thousands digit of 27804?
2
What is the tens digit of 1133?
3
What is the hundreds digit of 5589?
5
What is the tens digit of 3487?
8
What is the tens digit of 40066?
6
What is the hundreds digit of 37375?
3
What is the tens digit of 1136?
3
What is the units digit of 3409?
9
What is the units digit of 22498?
8
What is the tens digit of 2701?
0
What is the units digit of 10872?
2
What is the thousands digit of 8946?
8
What is the thousands digit of 6941?
6
What is the hundreds digit of 9558?
5
What is the hundreds digit of 108841?
8
What is the hundreds digit of 1621?
6
What is the hundreds digit of 1236?
2
What is the units digit of 23537?
7
What is the tens digit of 12969?
6
What is the hundreds digit of 1118?
1
What is the hundreds digit of 1801?
8
What is the hundreds digit of 38837?
8
What is the thousands digit of 136278?
6
What is the tens digit of 525?
2
What is the tens digit of 699?
9
What is the tens digit of 265?
6
What is the tens digit of 869?
6
What is the tens digit of 24112?
1
Wha